mmon factor of 29 and 2671.
1
What is the highest common factor of 6554 and 14616?
58
What is the greatest common factor of 2249 and 55360?
173
Calculate the highest common factor of 2484 and 1728.
108
Calculate the highest common divisor of 125999 and 326.
163
What is the highest common factor of 102144 and 6232?
152
Calculate the greatest common divisor of 961 and 2322737.
961
Calculate the greatest common factor of 190230 and 21590.
170
What is the highest common divisor of 1017 and 1921791?
339
Calculate the greatest common divisor of 11550 and 333564.
462
Calculate the greatest common divisor of 601790 and 28.
14
Calculate the highest common factor of 42 and 113778.
42
What is the highest common factor of 3072 and 76416?
384
What is the greatest common factor of 5206 and 8494?
274
Calculate the highest common factor of 4374 and 1674.
54
Calculate the greatest common divisor of 69212 and 18304.
572
Calculate the highest common factor of 436 and 636.
4
What is the highest common factor of 901385 and 1435?
205
Calculate the highest common factor of 5629 and 143.
13
What is the highest common factor of 1395 and 3007?
31
Calculate the highest common factor of 2311484 and 372.
124
Calculate the greatest common divisor of 47038 and 116.
58
What is the greatest common divisor of 350376 and 312?
312
What is the greatest common factor of 93511 and 11?
11
Calculate the highest common divisor of 4037 and 48077.
367
What is the greatest common divisor of 726 and 3795?
33
What is the highest common factor of 6731 and 2794?
127
What is the greatest common divisor of 1372 and 2058?
686
What is the greatest common factor of 1037 and 189?
1
Calculate the greatest common factor of 1875025 and 1676.
419
What is the greatest common factor of 425 and 5848?
17
Calculate the highest common divisor of 4991 and 1771.
161
What is the greatest common divisor of 2645 and 460?
115
What is the highest common divisor of 542 and 1892122?
542
What is the greatest common divisor of 28386 and 8550?
342
What is the greatest common divisor of 255 and 44931?
51
What is the highest common factor of 4032658 and 28?
14
What is the greatest common divisor of 8 and 587464?
8
What is the greatest common factor of 432 and 234252?
108
Calculate the highest common factor of 32763 and 5379.
489
What is the greatest common divisor of 15575 and 945?
35
Calculate the highest common divisor of 13492512 and 88.
88
What is the greatest common divisor of 2455664 and 460?
92
What is the highest common divisor of 324 and 145152?
324
Calculate the highest common factor of 10261 and 3641.
331
What is the greatest common divisor of 3472 and 11036?
124
Calculate the greatest common divisor of 1 and 143762.
1
Calculate the highest common divisor of 41070 and 360.
30
What is the highest common factor of 3074 and 13939?
53
What is the greatest common factor of 2899 and 208?
13
Calculate the highest common divisor of 29 and 24853377.
29
Calculate the highest common divisor of 81924 and 12.
12
Calculate the greatest common factor of 1059237 and 5103.
729
Calculate the greatest common factor of 27963 and 3744.
117
Calculate the greatest common factor of 17408 and 2752.
64
Calculate the greatest common factor of 28885 and 1060.
265
Calculate the greatest common divisor of 60885 and 6.
3
What is the greatest common divisor of 115 and 42205?
115
Calculate the highest common divisor of 272 and 35020.
68
Calculate the highest common factor of 127224 and 304.
152
Calculate the greatest common divisor of 7562 and 1216.
38
Calculate the highest common divisor of 63 and 71862.
21
What is the greatest common factor of 476 and 16156?
28
Calculate the greatest common factor of 4849 and 65.
13
Calculate the highest common factor of 75 and 220155.
15
What is the highest common divisor of 276 and 787796?
92
Calculate the highest common factor of 6487 and 325.
13
Calculate the greatest common divisor of 52 and 533.
13
What is the greatest common divisor of 483 and 26841?
69
What is the highest common divisor of 32 and 18134?
2
What is the greatest common divisor of 1440 and 32240?
80
What is the greatest common divisor of 17 and 637211?
17
Calculate the greatest common factor of 198875 and 555.
185
What is the greatest common factor of 76 and 439204?
76
What is the highest common factor of 934 and 1972141?
467
What is the greatest common factor of 29508 and 288?
12
Calculate the highest common factor of 4780510 and 310.
310
Calculate the greatest common divisor of 152900 and 88.
44
What is the highest common divisor of 126 and 28714?
14
What is the greatest common factor of 86693 and 1?
1
What is the greatest common divisor of 46 and 14973?
23
Calculate the greatest common divisor of 12642 and 111426.
294
What is the highest common factor of 1562 and 77?
11
Calculate the greatest common divisor of 2350 and 19870.
10
Calculate the greatest common divisor of 30225 and 744.
93
What is the highest common divisor of 39 and 1860885?
39
What is the highest common divisor of 300957 and 129?
129
What is the greatest common divisor of 4000 and 903200?
800
What is the greatest common divisor of 2479 and 6298?
67
Calculate the highest common divisor of 8723 and 2145.
143
Calculate the highest common divisor of 6240 and 610.
10
What is the greatest common factor of 15 and 123399?
3
What is the greatest common divisor of 1963323 and 1922?
961
What is the highest common factor of 3478 and 14758?
94
What is the highest common factor of 384 and 317056?
128
Calculate the greatest common factor of 2233715 and 2805.
935
What is the highest common divisor of 84623 and 297?
11
What is the greatest common divisor of 4779 and 177708?
177
What is the greatest common factor of 437957 and 118?
59
Calculate the highest common divisor of 2444 and 31161.
611
Calculate the highest common factor of 399 and 3106614.
399
Calculate the highest common divisor of 114 and 852378.
114
What is the highest common factor of 4 and 45924?
4
What is the greatest common factor of 243 and 51039?
9
What is the highest common factor of 408 and 2516?
68
Calculate the greatest common factor of 2112 and 2882.
22
What is the highest common divisor of 1262120 and 120?
40
Calculate the highest common factor of 912 and 176.
16
What is the highest common divisor of 16254 and 3402?
378
Calculate the greatest common factor of 306592 and 26.
26
Calculate the greatest common factor of 630 and 12348.
126
What is the highest common divisor of 276978 and 32227?
871
What is the highest common divisor of 375 and 193590?
15
Calculate the greatest common divisor of 7056 and 36603.
441
Calculate the highest common factor of 20 and 299344.
4
Calculate the highest common factor of 9167 and 4717.
89
What is the highest common factor of 147884 and 11?
11
Calculate the greatest common divisor of 25400 and 32512.
1016
What is the greatest common divisor of 2052 and 12366?
54
Calculate the highest common divisor of 252 and 9772.
28
What is the highest common divisor of 52195 and 110?
55
What is the greatest common divisor of 66 and 52833?
33
What is the highest common factor of 3219 and 40737?
111
Calculate the greatest common divisor of 758780 and 165.
55
What is the greatest common divisor of 36 and 132?
12
What is the highest common divisor of 176370 and 40?
10
Calculate the greatest common divisor of 29300 and 300.
100
What is the greatest common factor of 2615129 and 341?
341
What is the highest common factor of 511896 and 564?
12
Calculate the highest common divisor of 116617 and 277.
277
Calculate the greatest common factor of 1078 and 2321.
11
Calculate the highest common factor of 882 and 11760.
294
Calculate the highest common factor of 129 and 1075.
43
What is the greatest common divisor of 1237817 and 1358?
679
What is the highest common factor of 805154 and 398?
398
Calculate the greatest common divisor of 845584 and 16757.
1289
What is the highest common divisor of 70 and 19838?
14
Calculate the greatest common factor of 2 and 107138.
2
Calculate the greatest common factor of 909 and 145.
1
What is the highest common factor of 690 and 2152110?
690
What is the greatest common divisor of 160534 and 396?
22
What is the highest common divisor of 864 and 7155?
27
What is the greate